base 15, what is 58 - 276d?
-2715
In base 5, what is -21 + -23014313?
-23014334
In base 8, what is -5 + 774661?
774654
In base 16, what is 17 + 114?
12b
In base 6, what is 3232021 + -4?
3232013
In base 8, what is -55 - -25470?
25413
In base 2, what is -11 + 110010110000?
110010101101
In base 16, what is -2 + -21c33?
-21c35
In base 2, what is 110000110 + -10001001?
11111101
In base 9, what is -3605 + 4?
-3601
In base 5, what is 112 - 341301?
-341134
In base 9, what is 17217 + -2?
17215
In base 9, what is 3874 - -150?
4134
In base 9, what is -20081 - 11?
-20102
In base 13, what is -2 + a000?
9ccb
In base 14, what is -613 + b5?
-53c
In base 10, what is -99 - -4191?
4092
In base 3, what is -12 - 210112012?
-210112101
In base 5, what is 12232 + -204?
12023
In base 15, what is 1bae - -6b?
1c2a
In base 14, what is -691d + -2?
-6921
In base 9, what is 35 + 16281?
16326
In base 10, what is -17 - 12719?
-12736
In base 5, what is -30 - 100103?
-100133
In base 3, what is 10212201112211 - 0?
10212201112211
In base 15, what is -1 - b2524?
-b2525
In base 4, what is -1002300 - 1033?
-1003333
In base 4, what is -123000121 + 3?
-123000112
In base 2, what is 11001 - 11000?
1
In base 10, what is 3 + -32705?
-32702
In base 15, what is -39e - -2c?
-372
In base 9, what is -73 + 113184?
113111
In base 16, what is 1780 + 5?
1785
In base 10, what is -196508 - -2?
-196506
In base 13, what is 5a766 + -2?
5a764
In base 15, what is -8 - -5a1?
598
In base 11, what is -1120 + -2?
-1122
In base 10, what is -5 - -7162?
7157
In base 4, what is 112022200 + 30?
112022230
In base 12, what is b + 391a?
3929
In base 14, what is 1 + -1d2a?
-1d29
In base 14, what is -b1c2 + 5?
-b1bb
In base 4, what is 2331 + -3033?
-102
In base 7, what is -11064 + -1216?
-12313
In base 14, what is -23 - 8d1c?
-8d41
In base 2, what is -10001110110 - -111110?
-10000111000
In base 12, what is b + -4bb5?
-4ba6
In base 5, what is 13 - 4043240?
-4043222
In base 3, what is 1121001 + -2?
1120222
In base 10, what is 36833 - -78?
36911
In base 8, what is -10 + -662?
-672
In base 11, what is -54 - -4a9?
455
In base 11, what is -1782 - -a?
-1773
In base 6, what is 41502 - -20?
41522
In base 12, what is 5091 - 89?
5004
In base 12, what is 100b - 815?
3b6
In base 9, what is -1 - 82314?
-82315
In base 11, what is -96 - -14060?
13a75
In base 4, what is -10113202 - -2?
-10113200
In base 5, what is 4243 - 33410?
-24112
In base 9, what is 74 + -72?
2
In base 2, what is -1011001001111 + 1100100?
-1010111101011
In base 3, what is -2200221 - 110?
-2201101
In base 5, what is 1203402 - 10?
1203342
In base 9, what is -1008770 + 4?
-1008765
In base 6, what is 553204 - 203?
553001
In base 13, what is 0 - 12a4?
-12a4
In base 3, what is -1012 - 11110200?
-11111212
In base 10, what is 244318 + -1?
244317
In base 5, what is -40013 - -404?
-34104
In base 13, what is -5589 - -3?
-5586
In base 6, what is -1003 + -332413?
-333420
In base 10, what is -3 + 6933?
6930
In base 4, what is -22102001 + -1?
-22102002
In base 10, what is 96 + 142?
238
In base 4, what is -2133111 - 1131?
-2200302
In base 7, what is 34 - 516?
-452
In base 13, what is 6222 - 0?
6222
In base 16, what is 6c136 + -3?
6c133
In base 7, what is -250441 - 15?
-250456
In base 8, what is -3674 - -127?
-3545
In base 13, what is 1 + 118131?
118132
In base 3, what is -2021 + -121021102?
-121100200
In base 16, what is -20c7b - 5?
-20c80
In base 6, what is -411 + 131?
-240
In base 8, what is 37 + -62?
-23
In base 16, what is 3d + -fbb0?
-fb73
In base 3, what is -2220111 + -1000?
-2221111
In base 15, what is -1ba7 - -9?
-1b9d
In base 7, what is 43 + 204643?
205016
In base 11, what is 29003 + 2?
29005
In base 14, what is -b - -91?
84
In base 5, what is -2 - 412331?
-412333
In base 3, what is -1120 - -1001200202?
1001122012
In base 16, what is -3e0c - -18?
-3df4
In base 4, what is 1011203 - -111?
1011320
In base 3, what is -11 - 21020002100?
-21020002111
In base 4, what is 11 - 2011?
-2000
In base 10, what is 397704 + 4?
397708
In base 5, what is 2 - -114111034?
114111041
In base 13, what is -26ca + 6?
-26c4
In base 2, what is -111 - -10101100110110?
10101100101111
In base 10, what is -63111 + -4?
-63115
In base 8, what is 0 + 5245?
5245
In base 7, what is 152 - -6031?
6213
In base 9, what is 156 - 8177?
-8021
In base 2, what is 10101 + 1000001101111111?
1000001110010100
In base 3, what is 1220120022 + 111?
1220120210
In base 3, what is -2022211 - 1?
-2022212
In base 3, what is 11201 + 1001102?
1020010
In base 9, what is 651 - -47?
708
In base 6, what is 111532 - 1010?
110522
In base 8, what is -17 + 2406?
2367
In base 7, what is 13 + -20301?
-20255
In base 16, what is -2e32 - 2?
-2e34
In base 15, what is 3d29a - -1?
3d29b
In base 3, what is 11001222110 + 0?
11001222110
In base 11, what is -4 - 50218?
-50221
In base 2, what is 0 + 110100100111000000?
110100100111000000
In base 15, what is -133c + 72?
-12ba
In base 10, what is -8 - 38392?
-38400
In base 6, what is -14 + -214323?
-214341
In base 9, what is -5 + 331740?
331734
In base 16, what is -283 + 11f?
-164
In base 2, what is 10110101011 - -110?
10110110001
In base 2, what is 10011111000 + 101110?
10100100110
In base 11, what is 1a71 + -12?
1a5a
In base 3, what is 12202202 - 12?
12202120
In base 14, what is -6bd - 7b?
-75a
In base 9, what is -17 + -43776?
-43804
In base 5, what is -131 + -2120403?
-2121034
In base 2, what is -10110 - -1001100101?
1001001111
In base 12, what is -392 - bb?
-491
In base 12, what is -57 - 12a?
-185
In base 11, what is 179a45a - -3?
179a462
In base 14, what is -d04 - -44b?
-897
In base 14, what is -5 - a4bb2?
-a4bb7
In base 12, what is 3a86b9 + -2?
3a86b7
In base 12, what is 3 - -139105?
139108
In base 7, what is -53 - 1001?
-1054
In base 3, what is -101 + -10000021?
-10000122
In base 15, what is -37 - -1b49?
1b12
In base 12, what is 2378 + 146?
2502
In base 5, what is 4 + 141314?
141323
In base 4, what is 31202 - 200?
31002
In base 11, what is 456357 + 4?
456360
In base 9, what is 27 + 21122?
21150
In base 16, what is -1 + -21?
-22
In base 6, what is 1 + 1535134?
1535135
In base 9, what is -5 + 1045523?
1045517
In base 11, what is 27a + -625?
-356
In base 6, what is 34322251 - 11?
34322240
In base 5, what is -134200124 - 10?
-134200134
In base 9, what is -8553 + -13?
-8566
In base 3, what is -10 - 20021011010?
-20021011020
In base 3, what is -2012 - -22002012?
22000000
In base 7, what is 5 + -4355606?
-4355601
In base 10, what is -4 - -79064?
79060
In base 5, what is 222 - -113124?
113401
In base 7, what is -1 + -121110?
-121111
In base 9, what is 3484 - 305?
3178
In base 4, what is -12 + -120212013?
-120212031
In base 3, what is -11201 - -10211?
-220
In base 5, what is -1102 - -1034?
-13
In base 10, what is 9 + 40985?
40994
In base 8, what is -6346246 + 4?
-6346242
In base 10, what is -7286 - -97?
-7189
In base 6, what is 4552100 + 4?
4552104
In base 14, what is 4a398c + 2?
4a3990
In base 4, what is 2222110 - -13?
2222123
In base 6, what is 53311 - 533?
52334
In base 5, what is -43341 + -132?
-44023
In base 13, what is -118 - -81b?
703
In base 10, what is 3 - -31399?
31402
In base 9, what is 482 + 7678?
8271
In base 10, what is 570 - 202?
368
In base 14, what is 1 + -2cab?
-2caa
In base 10, what is -1192138 - 0?
-1192138
In base 5, what is 20 - -33123213?
33123233
In base 12, what is 18794 + 185?
18959
In base 2, what is -100 + -1111000111110010?
-1111000111110110
In base 5, what is -24033 + 102340?
23302
In base 8, what is -41 - 50?
-111
In base 7, what is 21344 + 123?
21500
In base 3, what is 1001210110110 + -1?
1001210110102
In base 16, what is -3 + 10f30?
10f2d
In base 16, what is 300 - -44?
344
In base 9, what is 436 + 1002?
1438
In base 8, what is 3 + 113367?
113372
In base 8, what is -1037443 - 4?
-1037447
In base 3, what is -1000 + 1000120?
222120
In base 10, what is -214 - -46?
-168
In base 13, what is 4b2b + 6?
4b34
In base 14, what is -146 + -10?
-156
In base 9, what is 240 - 13734?
-13484
In base 13, what is -ab6 + -117?
-c00
In base 14, what is -1a79 + -14?
-1a8d
In base 13, what is 3 + 1137?
113a
In base 7, what is 1101 + -61?
1010
In base 2, what is 11 + 1100111111100111110?
1100111111101000001
In base 12, what is 135a + 18?
1376
In base 11, what is -43 + -1a811?
-1a854
In base